
8
Suppose h + 10 = -0*h. What is the units digit of -2 - (h + -1 - -1)?
8
Let w = -15 - -199. What is the hundreds digit of w?
1
Let j(v) be the first derivative of -v**4/4 - 2*v**3/3 + 2*v**2 - 5*v - 6. What is the units digit of j(-4)?
1
What is the tens digit of 63 - ((-6)/4)/(15/(-30))?
6
Let r = 0 - -2. What is the units digit of 6 + (1 - r) - -2?
7
Let l(j) = -j**3 - 11*j**2 - 10*j + 8. Let q(z) = 3*z**3 + 23*z**2 + 20*z - 17. Let c(f) = 5*l(f) + 2*q(f). What is the units digit of c(10)?
6
Let j be (-276)/9 - (-2)/(-6). Let i = j + 5. Let o = -17 - i. What is the units digit of o?
9
Let r be 6*(-1)/(-2)*1. Suppose r*j = -j. Suppose -2*o - 4*b = -50, 0*o - 3*o - 5*b + 71 = j. What is the units digit of o?
7
Suppose -2*y + 29 + 39 = 3*c, -5*c = -y - 109. What is the units digit of c?
2
Suppose -4*n + 262 = -166. Suppose 2*j = 3*f - 45 - 22, n = 5*f - j. What is the tens digit of f?
2
Let m = 292 - 166. Suppose -3*j + 294 = 5*q, 4*q - m = 2*q + 3*j. What is the tens digit of (-6)/4*q/(-9)?
1
Let h(v) = -v**2 + 9*v + 10. What is the units digit of h(7)?
4
Suppose -3*b + 3*y - 50 = 5*y, 4 = -4*y. Let v = b + 25. What is the units digit of v?
9
Let c be (9 - 38)/((-1)/4). Suppose -7*m = -45 - c. What is the tens digit of m?
2
Suppose -18 + 68 = 5*g. Let v be 186/15 - 4/g. Suppose -4*u - v = -4*p, 3*p - 28 = -p - 4*u. What is the units digit of p?
5
Suppose -9 - 8 = -5*n + 2*h, 0 = -3*n - 4*h + 31. Let c(z) = -z - 2 + n + 0. What is the units digit of c(0)?
3
Let d = -7 + 10. Suppose 2*f - d - 27 = 0. What is the tens digit of f?
1
Suppose 6*l - 5*m + 10 = l, m - 20 = -5*l. Suppose l*c - 56 = -c. What is the tens digit of c?
1
Suppose 2*l - 15 = -3*l. Let t = 6 - l. What is the units digit of t?
3
Suppose -5*c = -g + 20, 3*g + c - 59 = -g. Let k = 1 - g. What is the units digit of (0 - k) + 1 - 3?
2
What is the tens digit of 191 - 2*12/(-8)?
9
Let y = 47 + 10. What is the units digit of y?
7
Let n(i) = -i**2 - 9*i - 2. Let u be (-2)/(-3) - (-23)/(-3). Let z be n(u). What is the units digit of (3/(-2))/((-2)/z)?
9
Suppose 0 = 5*i - 210 - 790. What is the hundreds digit of i?
2
What is the tens digit of (3/(-6))/((-3)/714) + -1?
1
Suppose 4*o = 4*h - 249 + 13, -2*o - 178 = -3*h. Suppose -24 = -3*c + h. What is the tens digit of c?
2
Let f(o) = -o**3 - 14*o**2 + o + 16. What is the units digit of f(-14)?
2
Let i(k) = -k**3 - 6*k**2 - 7*k - 5. Let w be i(-5). Suppose 19 = -w*p + 4. Let g = p + 4. What is the units digit of g?
1
What is the units digit of 5*-6*12/(-40)?
9
Suppose -2*g - 7 - 31 = -2*o, -2*o + 43 = 3*g. Suppose -3*i - o = -5*i. What is the tens digit of i?
1
Let y(w) = w - 6. Let p be y(6). Suppose 3*z - 4*x - 26 = 0, x + 10 = 2*z - z. Let v = z + p. What is the units digit of v?
4
Let i = 211 - 128. What is the tens digit of i?
8
Suppose 2*g + 17 = s - 4*s, 2*s - 2*g = -28. Let b(m) be the first derivative of -m**3/3 - 4*m**2 + 10*m + 1. What is the units digit of b(s)?
1
Let x be (-5)/25*(-1 - 4). Let p(n) = 16*n**2 + n. What is the tens digit of p(x)?
1
Suppose 0*a + 3*a + 17 = t, -t + 4*a = -21. Suppose -t*g + 39 = -6. What is the units digit of g?
9
Suppose 0 = -j + 5*c + 63, 65 = -4*j + 2*c + 299. What is the units digit of j?
8
Let i(z) be the first derivative of -z**3/3 - 3*z**2 + 4*z + 2. Let u be (2 + 8)/(3 + -5). What is the units digit of i(u)?
9
Suppose 4*t + 3*f - 9 = -2, -3*t - 4*f = 0. Let g(n) = t + n + 4 - 1. What is the units digit of g(-5)?
2
Let q(z) = -5*z - 6. What is the tens digit of q(-9)?
3
Suppose -4*f - 8 = 2*u, 5*u - f = -0*u + 13. Suppose 0 = 6*b - u*b - 52. What is the tens digit of b?
1
Suppose 0 = 3*a - s - 10, 3*s - 2*s + 1 = 0. What is the units digit of 7 - 3/(a/(-2))?
9
Let r(p) = p - 7. Let i(q) = -q + 7. Let s(d) = 3*i(d) + 2*r(d). Let z be s(5). Let c = z + -1. What is the units digit of c?
1
Let c(i) = -i**2 + 6*i - 2. Let d be c(5). Suppose 2*s + 14 = 2*k, d*k - s = -4*s + 3. Suppose 9 = k*z - f, z + f - 4*f - 16 = 0. What is the units digit of z?
1
Let p(s) = s**2 + s + 2. Let x be p(9). Suppose 0*m + 4*m - x = 0. What is the units digit of m?
3
Let a be (-68)/6 - 4/6. What is the units digit of a/(-2) - (-3 - -3)?
6
What is the units digit of (-1 - 0)*(-82 + 16)?
6
Let z(l) = 2*l + 4. Let x be z(-3). Let g be 1 - (-1 - x) - -2. Suppose g*u - 5*h = 33, -2*u + 23 = -h - 2*h. What is the units digit of u?
4
Let k = -129 + 222. What is the units digit of k?
3
Let t(c) = c**3 + 9*c**2 + c + 5. What is the units digit of t(-7)?
6
Let i(o) be the third derivative of -o**6/120 - 2*o**5/15 - 5*o**4/12 - o**3/2 - o**2. Let d be i(-7). What is the units digit of (-56)/(-9) + (-4)/d?
6
Let v(k) = -7*k**2 - 2*k - 3. Let g(h) = 15*h**2 + 4*h + 6. Let o(w) = -6*g(w) - 13*v(w). What is the units digit of o(3)?
8
Suppose -154 + 18 = -2*x. Suppose 2*b + 10 - x = 0. What is the tens digit of b?
2
Suppose -2*d - 4 = 2*d. What is the units digit of (-133)/(-6) - d/(-6)?
2
Let o = 2 + -11. Let s(q) = -q**3 - 9*q**2 + q + 7. Let j be s(o). What is the units digit of (2/4)/(j/(-12))?
3
Suppose 4*b = -4*f + 204, -2*b + 3*b - 102 = -2*f. What is the units digit of f?
1
Let l be (-2)/6 + 28/3. What is the units digit of (-12)/(l/(-6)*1)?
8
Suppose 2*i = -0*g + 5*g - 67, i - 25 = -2*g. What is the tens digit of g?
1
Let h(d) = 9*d**3 - d**2 - d + 1. Suppose -5*v + 0*z + 8 = 3*z, 3*z = v + 2. What is the units digit of h(v)?
8
Suppose -3*r - 4*s = -0*r + 2, -4*r + 2*s + 12 = 0. What is the units digit of 0/r + 2 + -1?
1
Let o = 2 + 33. Suppose 0 = -a - 11 - o. Let h = -26 - a. What is the units digit of h?
0
Let q be (3 - -1)/((-4)/(-80)). Suppose -6*w = -2*w - q. What is the tens digit of w?
2
Let k(u) = u**2 - 4*u + 2. Let t be k(3). Let q = t - 4. What is the units digit of 1/q + 76/5?
5
Suppose 4*g - 8 = 4*f, -2*f - 14 = -9*g + 5*g. Suppose 2*u - 2*j - 7 = j, -j - g = 2*u. What is the units digit of (u/(-2))/((-3)/(-18))?
3
Suppose m + i - 6 = 0, 4*i = 2*m - 4*m + 8. Let v be (14/4)/((-2)/m). Let x = -7 - v. What is the units digit of x?
7
Let b = -7 - -12. Suppose -4*p + 11 + 53 = -b*q, -5*q = p - 41. Suppose -6*u + 3*u = -p. What is the units digit of u?
7
Suppose -3*t = -2*t + 27. What is the tens digit of ((-18)/t)/((-1)/(-24))?
1
Let h(z) = z - 15. Let p be h(11). What is the tens digit of (-62)/p - 1/2?
1
Suppose 2*d + g + 35 = 3*d, 0 = -2*d - 2*g + 50. What is the tens digit of d?
3
Let s = 12 - 0. Let p = s + -5. Suppose 2 - p = -c. What is the units digit of c?
5
Suppose -4*p = -3*p - 4. Let b be p/10 - (-184)/(-10). What is the units digit of b/(-14) - 8/28?
1
Suppose 54 = x - 3*j, 3*x + 5*j = 2*x + 22. What is the tens digit of x?
4
Suppose -r = r - 76. What is the tens digit of r?
3
Suppose 2*k - 6 = k + 2*q, -2*q - 6 = 3*k. Suppose 4*t = 4*m, -3 - 9 = 2*m - 5*t. Suppose -m*n + 16 = -k*n. What is the units digit of n?
4
Let m be -2*(7/(-2) - -1). Suppose 0 = m*f - 298 + 88. Suppose -3*b - 14 = -2*d - 48, -4*b + f = -2*d. What is the units digit of b?
8
Let a(g) = -g**3 - 11*g**2 - 7*g + 6. Let o(l) = -2*l**3 - 23*l**2 - 15*l + 13. Let i(f) = -5*a(f) + 2*o(f). What is the units digit of i(-8)?
0
Let k(y) be the second derivative of 7*y**3/6 - 3*y**2 + 4*y. What is the tens digit of k(4)?
2
Let o be (3/12 + 1)*-4. Let u(z) = -z**3 - 3*z**2 + 7*z + 4. What is the units digit of u(o)?
9
Suppose 2*a - 5*y + 10 = 0, 3*a = -2*y + 2 + 2. Let s = 1 - a. What is the units digit of s?
1
Suppose -30 = -6*h + h. What is the units digit of (38/h - 1)*3?
6
Suppose -5*b + 8*b - 9 = 0. Suppose 0*i - b*i + 63 = 0. What is the units digit of i?
1
Let u = 33 - 21. Let o be ((-6)/u)/(2/12). Let k = o - -6. What is the units digit of k?
3
Suppose -4*y + y = 15. Let n(u) = u**3 + 6*u**2 + 5*u + 7. What is the units digit of n(y)?
7
Let u be (-1 + 3)/((-2)/(-4)). Let d(t) = -t**3 + 5*t**2 - 4*t + 2. What is the units digit of d(u)?
2
Suppose 0 = 3*g + 9 - 120. What is the units digit of g?
7
Let k be (1 + 0 + 0)*-1. What is the tens digit of k/(0 + 1/(-10))?
1
Suppose 2*y = 4*y - 36. Let z be 2/(-11) - y/22. What is the units digit of (6 + z)*(3 - 1)?
0
Suppose -5*l = -11 - 159. Let d = 53 - l. Let s = d - 12. What is the units digit of s?
7
Suppose 6 = 2*z, -3*y - 3*z = -7*z - 339. What is the tens digit of y?
1
Suppose